- 8. Is s(-16) prime?
False
Let k(o) = 14*o**3 + 20*o**2 - 89*o - 294. Is k(25) a composite number?
False
Let w(o) = 5*o + 10260. Let s be w(0). Suppose 60 - s = -6*l. Suppose 8*d = 3716 + l. Is d a composite number?
False
Is (-32516)/6*(-15)/10 composite?
True
Suppose -3*x - 3*q + 12549 = 0, 164*x - 4*q = 161*x + 12507. Is x a composite number?
False
Let a(y) = 5*y**3 - 43*y**2 - 97*y - 27. Let v(x) = -14*x**3 + 128*x**2 + 291*x + 83. Let u(i) = 17*a(i) + 6*v(i). Is u(-34) composite?
True
Let s(a) = -48*a**2 + 2*a - 14. Let g be s(5). Let r = -4153 - -2212. Let y = g - r. Is y prime?
False
Let q(m) = 7*m**3 + 7*m**2 + 4*m + 7. Let k(f) = -20*f**3 - 20*f**2 - 10*f - 22. Let a(x) = 6*k(x) + 17*q(x). Let s = 13 + -19. Is a(s) a prime number?
False
Let q(t) = 9*t**3 + 2*t**2 - t + 2. Let b be q(-2). Let y = -60 - b. Suppose y = -5*n - 2*u + 1189, 0 = 5*n + 5*u - 782 - 398. Is n a composite number?
False
Suppose i = 3, -49*y - 51752 = -50*y + 3*i. Is y a prime number?
False
Suppose 5*t + 4*c = 24263, -4*t + 7*c - 3*c = -19396. Suppose -3*w = -5*x + t, -x + 2*x - 4863 = 3*w. Let q = 179 - w. Is q composite?
False
Let l(k) = -62*k - 33. Let v be l(-19). Is ((-58)/(-8))/(v/380 - 3) a prime number?
False
Suppose -47910702 - 48765754 - 180172959 = -305*g. Is g prime?
True
Let s(j) = -175 + 28*j**3 - 13*j**3 + 6*j + 86 + 82. Let o be s(5). Let a = 605 + o. Is a composite?
False
Suppose -448412 = -2*b + 3*g, -39*b + 38*b = -5*g - 224227. Is b prime?
True
Is (-1)/2*-10*(-295196)/(-220) composite?
False
Suppose -31*r = 239 - 53. Is 390321/21 - r*1/21 a composite number?
False
Suppose 5*r + 2*p - 90680 = 0, 3*r - p + 4*p - 54399 = 0. Suppose 3*s - 15111 - r = 0. Is s composite?
False
Let l(h) = -17*h**2 - 2*h + h**2 - 150 + 75 - h**3 + 43. Let c be l(-16). Suppose c*k = 2*k - 2084. Is k composite?
True
Suppose 0 = -u - 34 + 36. Suppose u*r = 4*r - 5*v - 5931, -4*r + 11847 = 5*v. Is r a prime number?
True
Suppose 0 = 4*z - 18 - 2, 0 = -4*f - z - 2643. Let c = f + 1651. Is c prime?
False
Let v = 787559 - 449152. Is v composite?
False
Let w = 5479 - 2102. Suppose -797 = 4*j - 4*s - w, -2*j + 5*s + 1302 = 0. Is j a prime number?
True
Suppose 0 = 56*l - 738270 - 106826. Is l prime?
True
Is (-126)/(-798) - 4142270/(-95) composite?
True
Let b(o) = -171*o - 17. Let u be 13 + -4 + -4 - 17 - -2. Is b(u) a composite number?
False
Suppose 22*f = 2020891 + 2626310 + 284561. Is f a prime number?
True
Suppose -7154 = 15*o - 29*o. Let f = 210 + o. Is f prime?
False
Suppose 7*v + 556323 = 10*v. Is v prime?
True
Suppose -7*q + 236262 = 50209. Is q prime?
False
Let w = 1045282 + -219305. Is w prime?
False
Let f be ((-99)/(-54) - 2/(-12)) + 3. Suppose -2*n = 2, 0*n = -f*t - 4*n + 16. Suppose 2*w + 380 = 5*y - 3*y, t*w = -4*y + 768. Is y prime?
True
Let g(k) = -3*k**2 + 6*k + 9. Let l be g(-4). Is 1/(-14)*2 - 19791/l prime?
False
Is 41 - 35 - (4 - (693217 - -4)) a composite number?
False
Let q(i) = -128*i**3 - 14*i**2 + 16*i - 5. Let w(x) = -128*x**3 - 13*x**2 + 14*x - 4. Let v(d) = -6*q(d) + 7*w(d). Is v(-3) a composite number?
False
Let i be (-107040)/(-14) + 18/63. Let v = i + -2289. Is v a composite number?
True
Let n be 9/(-12)*(-48)/6. Let d be ((-62)/(-28) - n/(-21))*-2. Is -1486*(2/(-12))/(d/(-15)) composite?
False
Suppose -127*o + 24688 = -163476 - 229285. Is o prime?
False
Let z(f) = 34*f - 14*f - 17*f + 49 + 21*f**2. Is z(13) a composite number?
False
Let w = 193 - 186. Suppose -w*y + 27355 = -2*y. Is y a composite number?
False
Suppose -1446517 = -3*n - 2*x - 2*x, 3*x + 1928731 = 4*n. Is n prime?
True
Let k = 4223 + -9074. Let m = k - -8102. Is m composite?
False
Let s(o) = -70*o - 61*o - 23*o + 12 - 95. Is s(-36) composite?
True
Let z = 534206 + -147279. Is z a prime number?
True
Let x be 4 + -1 - (4/(-1) + 9). Is (x - -5)/(-3)*-989 a composite number?
True
Let v(p) = p**2 + 21*p + 84. Let o be v(-15). Is 3118 - (-3 - 12/o) composite?
False
Suppose 6*c = -19*c - 6*c + 638011. Is c composite?
True
Let m(c) = 456*c + 93. Let j be m(6). Let o = 9438 - j. Is o a prime number?
False
Let w = 5186607 + -1724078. Is w a composite number?
True
Suppose -2 = 2*r, 15*r - 478548 = -2*n + 17*r. Is n a prime number?
True
Suppose 0 = -3*z + 5*a + 58558, -2*z = 92*a - 89*a - 39083. Is z a composite number?
False
Let i(k) = 6092*k - 2085. Is i(34) composite?
False
Is (-55059200)/(-720) + (-1)/9 a prime number?
True
Let u = 51407 - 14204. Is u a composite number?
True
Is 59667453/1005 - (-2)/5 composite?
True
Let w(d) = d**2 + 7*d + 12. Let h be w(-3). Suppose 6*c - 27957 = c + t, h = 2*c - 4*t - 11190. Is c a prime number?
True
Let u = -21704 - -35511. Is u a composite number?
False
Let g(j) = -8*j - 25. Let b(h) = 4*h + 12. Let o(t) = -5*b(t) - 2*g(t). Let y be o(-3). Suppose 0 = y*s - 17*s + 9195. Is s composite?
False
Let g = -42490 - -78790. Let p = -15619 + g. Is p a prime number?
True
Let s(t) = -179 + 4*t + 174 + 12*t**2 + 126. Is s(24) a prime number?
True
Let n(x) = -5 + x**2 + 4*x + 12*x**2 - 35*x. Suppose -s + 3 + 0 = 0, 5*k = -3*s + 54. Is n(k) prime?
True
Suppose -335*k = -346*k + 868109. Is k composite?
False
Let f(h) = -270600*h - 29. Is f(-1) composite?
True
Suppose 3120 = -3*i - 43410. Let l = i + 26122. Is (5 + -2)/(-15) - l/(-10) composite?
False
Suppose v = -4*u + 132145, -4*u - 5*v + 175513 - 43348 = 0. Is u prime?
False
Let v = -195776 + 307713. Is v a prime number?
False
Let j be (-1275843)/(-24) - 5/40. Is (j/18)/((-2)/(-15)) - 3 composite?
False
Suppose 3*a = -5 + 2. Let f(b) = b**3 - b**2 - 2*b - 1. Let l be f(a). Let r(j) = -33*j. Is r(l) a prime number?
False
Let c(p) = -4885*p**3 - 467*p**2 + 8*p + 5. Is c(-4) prime?
False
Suppose 19*l - 6319186 - 8036984 = -35*l. Is l a prime number?
False
Let t be ((-2)/5)/(7/140*-4). Let z be ((-8)/(-32)*-638)/((-1)/t). Let k = 650 - z. Is k a composite number?
False
Suppose -4*u = -2*m + 134814, 3*u + 10*m = 11*m - 101108. Let j = 47368 + u. Is j prime?
False
Suppose 2*v + 5*v - 7497 = 0. Let j = -338 + v. Is j prime?
True
Let f(x) = 417*x**2 + 3*x + 29. Let k be f(-9). Suppose 7*w - k = -10*w. Is w composite?
False
Suppose 5*o - 27 = -2*j - 2*j, j - o = 0. Suppose -4*x = j*s - s - 1218, 0 = 2*x - s - 619. Suppose 6*b = 5*b + x. Is b composite?
False
Suppose 0*o + 4*o + c = -4, -5*o - 8 = 2*c. Suppose o = -5*m + 15, -8*y + 3*m = -3*y - 1136. Suppose 4*t - 3*a = y, -t + 2*t + 5*a - 40 = 0. Is t composite?
True
Suppose -38*z + 18*z = -224220. Suppose -5*v + z = 3*j, -5*j - v + 5883 = -12802. Is j composite?
True
Let s(o) be the second derivative of -14*o - 47/6*o**3 - 3*o**2 + 0. Is s(-11) a composite number?
True
Suppose -9*y + 55 = 91. Is 2/y*25180/(-10) composite?
False
Let a(t) = t + 1. Let f(g) = -18*g - 16. Let q(d) = 5*a(d) - f(d). Let c be q(-9). Let i = c + 319. Is i a prime number?
False
Let d(v) = v**3 - 21*v**2 + 39*v - 19. Let l be d(19). Suppose 0 = n - l*b - b - 2833, -5*n + 14201 = 4*b. Is n a prime number?
True
Let q = -278945 + 534538. Is q a composite number?
True
Suppose 5*z = 2*t - 68632, -3*z = -15*t + 14*t + 34317. Is t a composite number?
True
Let c(p) = -3881*p + 252. Is c(-7) a prime number?
False
Let h be (-3 + (-7)/(-2))*2. Let w = -84 + 89. Is w - -233 - ((-2)/h + 3) prime?
False
Suppose 5*u - 10*u + 46 = -x, -3*u + 50 = 5*x. Is (u*-1)/(12 - 362890/30239) a prime number?
False
Let i be ((-64)/(-20) - 4)/(1/5). Let g(a) = 10*a**2 + 6*a + 5. Let x be g(i). Let w = x + 212. Is w a prime number?
True
Suppose -5*d + 74463 = 3*s, -2*d + 2*d = -2*d. Is s prime?
True
Suppose 5*g - x + 20 = 3*x, -20 = -5*g - 4*x. Suppose g = 7*i - 10*i + 5*v + 9743, -3*v - 3245 = -i. Is i a composite number?
False
Suppose -3 - 13 = -4*o, -16 = -2*v - o. Suppose 0 = -5*k, -5726 = -2*s + 2*k - v*k. Is s composite?
True
Suppose 5*j - 20 = 0, 3*j - 200 = t - 0*j. Let w = 541 + t. Suppose -542 - w = -5*y. Is y a prime number?
True
Suppose -12 = -3*r, 79*k - 78*k + 4*r - 145331 = 0. Is k prime?
False
Is ((-178)/8)/(25/12400*-4) a composite number?
True
Let c(b) = 77976*b + 2255. Is c(4) a prime number?
True
Let v(l) = 13533*l - 112. Is v(9) prime?
False
Suppose -5 = -u, s - u - 459 = 1101. Let f = 3158 - s. Suppose 0 = 5*o + 638 - f. Is o a composite number?
False
Is (248461 - 138) + (4/(-5))/((-8)/(-60)) prime?
True